ppose 13*p + 4310 = 32351. Is p prime?
False
Suppose 0 = -3*u - 37*d + 42*d + 226928, -u = d - 75640. Is u a composite number?
False
Let a(q) = 47*q**2 - 4*q + 7. Suppose 2*p - 4*s - 4 = 3*p, 28 = 2*p - 4*s. Suppose -2*v + 3*g + p = -2, 5*v - 14 = 2*g. Is a(v) a composite number?
True
Is (1311/(-38) + 18)*60666/(-9) a composite number?
True
Suppose 23430 = -0*t - 5*t. Let k = 8473 + t. Is k a prime number?
False
Let f = 493 - 444. Suppose f*n - 41*n - 9736 = 0. Is n prime?
True
Suppose 21 = -3*l + 42. Let q be 21258 - (l + -3 + -3). Let i = -13048 + q. Is i a composite number?
False
Suppose -23*o - 4918 = -4*r - 25*o, -5*r - o = -6152. Let a = r - 352. Is a prime?
False
Suppose 2*x - 2*l + 84729 = 7*x, -5*l + 33900 = 2*x. Suppose 2*p - 7*p = -x. Is p prime?
True
Suppose 2*i - 5*o = 3*i - 2623, o - 2635 = -i. Let q = 46 - 43. Is i/6*-1*q/(-1) composite?
False
Suppose 11*c + 6*c - 95846 = 0. Suppose 11*k + c = n + 8*k, n - k = 5628. Is n composite?
False
Suppose 0 = 26*v - 6828 - 8564. Suppose -3*h = 3, -h = 7*f - 8*f + v. Is f a composite number?
True
Let k be (-54)/36*(-3748)/6. Suppose 5*v - h = v + 3760, -h - k = -v. Is v composite?
False
Let n(h) = -9*h. Let v be n(-1). Suppose 11*l - 8*l = v. Suppose 5*f = l*r + 4270, 2*f = -3*f - 2*r + 4245. Is f composite?
True
Let k = 25 + -25. Let s = -21 + 28. Suppose -s*v + 10226 - 1875 = k. Is v prime?
True
Let p = 635582 - 429405. Is p prime?
True
Suppose 5*o - 37 = -12. Let z be 19*166 - (0 + -4). Suppose -z = -5*s + p, -11*s + 6*s + 3170 = -o*p. Is s prime?
True
Suppose -f = -3*o + 4*f - 13, -4*o = -3*f + 10. Let g be 6/2 + (-12)/(-5 + o). Suppose -6420 = -4*q + 4*y, 3038 = 5*q + g*y - 4967. Is q prime?
False
Let f(j) = -25*j + 135. Let d be f(5). Let q(s) = 36*s**2 - 5*s + 79. Is q(d) composite?
True
Let g = -175 + -658. Let r be (2567/68)/(1*2/96). Let c = g + r. Is c composite?
True
Let z(d) be the first derivative of 488*d**2 + 22*d - 11. Let q be z(5). Let n = -3259 + q. Is n prime?
False
Suppose u = -3*f - 3*u + 6369, 3*u = 9. Is f composite?
True
Suppose -1428417 - 942098 = -35*s. Is s a prime number?
False
Suppose 5*s - 5*l - 3907970 = 0, -105*s = -115*s - 2*l + 7816024. Is s a composite number?
False
Suppose 4*u = 37 - 1. Suppose 314034 = u*w - 3*w. Is w prime?
False
Suppose 1566666 = 231*w - 213*w. Is w prime?
True
Let i = 662 - -215. Suppose f + 2*c = 5*c + 238, -3*c + i = 4*f. Is f prime?
True
Let d be 246/(-328) - 15/(-4). Suppose d*g + 547 = 5*q - 4602, 4*g - 8 = 0. Is q a prime number?
True
Let l = -26060 + 3009. Let x = 37088 + l. Is x a composite number?
True
Let h = 3650 - 1836. Suppose 0 = 5*l - 3*l - h. Is l a prime number?
True
Let v be (-27 + 2 + -6)/(-1 + 2). Let o = 33 + v. Suppose -o*n + 2759 = 2*n - 3*d, n - d = 690. Is n a prime number?
False
Suppose -8 = 2*p, 4*u + 19 = 5*u - p. Suppose 5*c - 3*d - 6673 = 0, 4*c - 19*d - 5332 = -u*d. Is c composite?
True
Let n be 1/((81/72)/(-9)). Is 152156/n*(5 + -7) a composite number?
False
Let g(d) = 9*d - 50. Let n be g(6). Suppose -55830 = -n*x - 2*x. Is x a composite number?
True
Let p be 0 + 0/(-1) + 2809. Suppose 65*x - 3077 - 13418 = 7815. Suppose x = -5*y + p. Is y a prime number?
True
Let j(a) = 20*a**2 - 16*a - 25. Let o be 1 - 1 - (-48 - -54). Is j(o) a composite number?
True
Let m = -154556 - -223017. Is m composite?
True
Let n be (6 - 10)*1*-7*4. Suppose n*v + 56764 = 116*v. Is v a composite number?
True
Let p(s) = 683*s + 77. Let k(j) = 341*j + 38. Let u(v) = 5*k(v) - 3*p(v). Let c be u(9). Let y = 6 - c. Is y prime?
False
Suppose 109*o = 170*o + 126*o - 118839061. Is o a composite number?
True
Suppose 0 = 5*p + 216 + 859. Let m be (-3)/(15/p) - 3. Is -4 - 8/(m/(-8385)) a prime number?
False
Is -159*(-25735)/75 + (-24)/20 a composite number?
True
Let z(b) = 12059*b + 439. Is z(2) a composite number?
True
Let z be 2607 - ((-4)/1 - (-3 + 0)). Suppose 2054 = -2*o + 2*b + 316, -2*b = -3*o - z. Is 6 + -3 - o/3 a composite number?
False
Suppose 24 = 5*q - 6. Is (-35)/(-13 + q) + 2356 composite?
True
Let q = 9119 + -6652. Is q composite?
False
Let q be (-172105)/35 + 5 + 33/(-7). Let n = 9620 + q. Is n prime?
True
Let r(c) be the third derivative of -c**4/24 + 2*c**3/3 - 8*c**2. Let d be r(-2). Is ((-2)/4)/(d/(-6492)) composite?
False
Let p = 140 - 136. Suppose -3*x - 102535 = -5*v, 99690 + 2845 = 5*v - p*x. Is v composite?
False
Suppose x = 4*a - 853, -298 - 570 = -4*a + 4*x. Let w = 2121 + a. Is w prime?
True
Let i(u) = u**3 - 5*u**3 + 7*u**3 + 13*u**2 + 5 - 4*u**3 - 14*u. Let v be i(12). Let a(n) = 4*n**2 - 11*n - 14. Is a(v) a prime number?
False
Is -6 - (-56904 + 1) - (4 - -2)/1 prime?
True
Suppose 2*k = -a + 14557, 0 = -2*a + 5*k + 12652 + 16489. Is a composite?
False
Suppose 5*j = -g + 245008, 2*g - 216468 = -4*j - 20458. Is j a prime number?
False
Suppose 5*t - 25 = 0, -3*y + 5038 + 6393 = 5*t. Let j = 7461 - y. Is j composite?
False
Let d(h) = -180403*h - 672. Is d(-3) a prime number?
False
Let i(t) = -t**2 + t - 1. Let k(w) = -3*w**2 + 8*w - 2. Let j(d) = 4*i(d) - k(d). Let h be j(-3). Is (h + -6 - -4)*1*-1703 a composite number?
True
Let b(a) = -2*a**2 + 14*a + 44353. Is b(0) a prime number?
False
Let z be (-8)/(-20)*10 + 3 + 175. Let c = 27 + z. Is c a composite number?
True
Suppose -3*m = z + 8748 + 5273, -3*m - 3*z - 14013 = 0. Let q = m - -7358. Is q a composite number?
False
Is (1/(-3)*(-18)/(-12))/((-64)/134970496) composite?
False
Let k = 12101 + 2217. Suppose -5*m = -4*f + 18595, -3*f = -4*m + 371 - k. Is f a composite number?
True
Suppose 2063385 = 55*w + 359441 - 462561. Is w a composite number?
True
Suppose 5 = 5*x - 3*j, 9 = -x - 3*j + 28. Suppose -2*p = 5*c - 4160, 5*c + 4*p = x*c + 832. Suppose 4*w = c + 12. Is w a composite number?
False
Suppose -15*o - 716 - 574 = 0. Let c = o + 95. Suppose 0 = -c*n + 11*n + 2*s - 3038, 8 = -2*s. Is n composite?
False
Let s(w) = 8*w**3 + 30*w**2 + 36*w - 193. Is s(58) composite?
True
Let t(h) = 2*h**2 + 12*h - 11. Let q be t(-7). Let w be (q + (-4 - -9))*16. Suppose w = l - 1295. Is l a prime number?
True
Suppose -4*z + 5080 + 8832 = 0. Is z*(3 + (-5)/2) prime?
False
Is 37545/20*(-3936)/(-72) composite?
True
Suppose 1359427 = 7*f - 3*s, -46745 - 341659 = -2*f - s. Is f a composite number?
False
Suppose 0 = 3*j - 2*d + 14, -3*d + 18 = -3*j + 6. Is (14216/6)/((-8)/j) composite?
False
Let b(r) = -5*r**3 - 101*r**2 + 125*r + 150. Is b(-37) a prime number?
False
Suppose -2*a + 83829 + 122857 = 2*v, 24 = 4*v. Is a composite?
True
Let h be 2142/(-70) + 3/(-15)*-3. Is 5/(h/4)*896709/(-22) a composite number?
True
Suppose 0 = -4*g + 2*f + 42014 + 71890, -2*f = -4. Is g a composite number?
False
Let t = 613 + 2824. Suppose -f - 696 = -t. Is f composite?
False
Let m(w) = -w**3 + 4*w**2 + 8*w - 12. Let h be m(5). Let k be (-1 - h/6)/(6/(-376)). Let u = k + 355. Is u composite?
False
Let a(c) be the second derivative of 169*c**4/3 - c**3/6 + 3*c**2/2 - c - 1. Is a(2) a composite number?
True
Let c(k) = 24*k - 26. Let i be c(1). Is i + 7 + 3491 - 5 prime?
True
Is 137*(20783/21)/((-9)/(-27)) prime?
False
Let v(l) = l**3 - 5*l**2 + 2*l - 6. Let g be v(5). Suppose -g*s + 1395 = -s. Let k = 667 - s. Is k a composite number?
True
Suppose -4*m + t = -4820, 3*m + 690 - 4288 = 5*t. Suppose 7796 - m = o. Suppose -11*k + 813 = -o. Is k composite?
False
Suppose 3*z - 40 = s - z, 0 = 4*s + 4*z + 60. Let i = s + 24. Is (-7764)/48*-1*i composite?
False
Let d = 81306 + -39925. Is d composite?
False
Let a(p) = p**2 - p + 3. Let j be a(-17). Let q = j - 485. Let z = 271 + q. Is z composite?
True
Is (((-2500074)/(-15))/(-3))/(539/55 + -10) a prime number?
False
Let d(s) = -s**2 + 4*s + 17. Let b be d(6). Suppose b = 5*m - 4*m. Let q(a) = 37*a - 24. Is q(m) prime?
False
Let z(y) = 23*y**2 - 169 - 7*y**2 - 8*y**2 - 33*y - 3*y - 9*y**2. Is z(-26) a prime number?
False
Let y(z) = 428*z - 16. Let b be y(3). Let a = b + -730. Is a composite?
True
Suppose -7*c - 65 - 19 = 0. Let m be (-8 - c)*2/(-4). Let z(s) = 231*s**2 + 4*s + 5. Is z(m) prime?
False
Suppose -5*k + 5*q + 64993 = -34132, -59478 = -3*k + 2*q. Let n = k + -9659. Is n composite?
False
Suppose -4*o - 737 = -3*b, -2*o - 1187 - 18 = -5*b. Let q = 396 + 22. Let f = q - b. Is f a composite number?
False
Let j(k) = 3594*k - 131. Is j(7) comp